{"id":29,"date":"2023-09-19T16:12:49","date_gmt":"2023-09-19T14:12:49","guid":{"rendered":"https:\/\/www.saporiti.com\/acd\/?page_id=29"},"modified":"2023-09-28T09:19:51","modified_gmt":"2023-09-28T07:19:51","slug":"moderno-moderno-2","status":"publish","type":"page","link":"https:\/\/www.saporiti.com\/acd\/it\/moderno-moderno-2\/","title":{"rendered":"Moderno &amp; Moderno"},"content":{"rendered":"\n<p>Nel Febbraio del 1983 la Saporiti Italia presenta alla Galleria del Milione di Milano una spettacolare ed estremamente innovativa raccolta di opere d\u2019arte e oggetti di design, curata da Salvati &amp; Tresoldi.<\/p>\n\n\n\n<p>La mostra affianca una trentina dei pi\u00f9 interessanti pezzi disegnati per Saporiti Italia fra il 1960 e il 1983 da designer quali Alberto Rosselli, Vittorio Introini, Giovanni Offredi e gli stessi Salvati &amp; Tresoldi, ad altrettante opere d\u2019arte dei pi\u00f9 grandi maestri dell\u2019arte italiana del XX secolo, fra cui Burri, Capogrossi, Dorazio, Fontana, Manzoni, Melotti, Merz, Paladino, Pistoletto, Rotella, Schifano, Zorio\u2026<\/p>\n\n\n\n<figure class=\"wp-block-image size-large\"><img loading=\"lazy\" decoding=\"async\" width=\"1024\" height=\"588\" src=\"https:\/\/www.saporiti.com\/acd\/wp-content\/uploads\/2023\/09\/03-MM-e-Fontana-1024x588.jpg\" alt=\"\" class=\"wp-image-112\" srcset=\"https:\/\/www.saporiti.com\/acd\/wp-content\/uploads\/2023\/09\/03-MM-e-Fontana-1024x588.jpg 1024w, https:\/\/www.saporiti.com\/acd\/wp-content\/uploads\/2023\/09\/03-MM-e-Fontana-300x172.jpg 300w, https:\/\/www.saporiti.com\/acd\/wp-content\/uploads\/2023\/09\/03-MM-e-Fontana-768x441.jpg 768w, https:\/\/www.saporiti.com\/acd\/wp-content\/uploads\/2023\/09\/03-MM-e-Fontana.jpg 1210w\" sizes=\"auto, (max-width: 1024px) 100vw, 1024px\" \/><\/figure>\n\n\n\n<p>Salvati &amp; Tresoldi giocano accostando oggetti di arredo alle varie opere d\u2019arte, creando sintonie o contrasti fra i colori e le forme degli uni e delle altre.<\/p>\n\n\n\n<figure class=\"wp-block-image size-large\"><img loading=\"lazy\" decoding=\"async\" width=\"810\" height=\"1024\" src=\"https:\/\/www.saporiti.com\/acd\/wp-content\/uploads\/2023\/09\/Web-03-MM-IMG-1-810x1024.jpg\" alt=\"\" class=\"wp-image-335\" srcset=\"https:\/\/www.saporiti.com\/acd\/wp-content\/uploads\/2023\/09\/Web-03-MM-IMG-1-810x1024.jpg 810w, https:\/\/www.saporiti.com\/acd\/wp-content\/uploads\/2023\/09\/Web-03-MM-IMG-1-237x300.jpg 237w, https:\/\/www.saporiti.com\/acd\/wp-content\/uploads\/2023\/09\/Web-03-MM-IMG-1-768x971.jpg 768w, https:\/\/www.saporiti.com\/acd\/wp-content\/uploads\/2023\/09\/Web-03-MM-IMG-1.jpg 905w\" sizes=\"auto, (max-width: 810px) 100vw, 810px\" \/><\/figure>\n\n\n\n<!--more-->\n\n\n\n<figure class=\"wp-block-image size-large\"><img loading=\"lazy\" decoding=\"async\" width=\"1024\" height=\"542\" src=\"https:\/\/www.saporiti.com\/acd\/wp-content\/uploads\/2023\/09\/03-MM-a-Merz-1024x542.jpg\" alt=\"\" class=\"wp-image-114\" srcset=\"https:\/\/www.saporiti.com\/acd\/wp-content\/uploads\/2023\/09\/03-MM-a-Merz-1024x542.jpg 1024w, https:\/\/www.saporiti.com\/acd\/wp-content\/uploads\/2023\/09\/03-MM-a-Merz-300x159.jpg 300w, https:\/\/www.saporiti.com\/acd\/wp-content\/uploads\/2023\/09\/03-MM-a-Merz-768x407.jpg 768w, https:\/\/www.saporiti.com\/acd\/wp-content\/uploads\/2023\/09\/03-MM-a-Merz.jpg 1203w\" sizes=\"auto, (max-width: 1024px) 100vw, 1024px\" \/><\/figure>\n\n\n\n<p>Qual \u00e8 la ragione di un successo che non ha limiti di frontiere, di culture, di mentalit\u00e0?<\/p>\n\n\n\n<p>Si pu\u00f2 rispondere che l&#8217;elemento fondamentale, e vincente di Saporiti Italia, sta nell&#8217;aver enucleato tre categorie che sono i pilastri della sensorialit\u00e0 &#8211; il tattile, il tissurale e il lineare &#8211; e di averne fatto un programma concreto, e rigorosissimo, di scelte produttive all&#8217;interno del spesso asettico, o talaltro confusionario, panorama del design d&#8217;arredamento.<\/p>\n\n\n\n<p> Proprio per la sua semplicit\u00e0, eleganza ed estrema decantazione dell&#8217;elemento formale, il design distillato dagli architetti di Saporiti \u00e8 il pi\u00f9 spoglio possibile, ma linearmente preciso e calibrato e accordato come un suono d&#8217;arpa nel silenzio.<br>Ne esce come un virtuosismo controllato, mai barocco, mai espressionista &#8211; ma nemmeno mai tautologicamente moderno n\u00e9 regressivamente classico. La classicit\u00e0 dello stile Saporiti sta, invece, nel suo primitivismo di base. Quel suo non raffreddare l&#8217;impatto esistenziale con l&#8217;oggetto, in un razionalismo prefabbricato di marca modernistica. Si ha invece, direttamente, una gioia e uno stupore fanciulleschi, che ci invitano a toccare, a carezzare, a fruire &#8216;affettivamente&#8221;.<\/p>\n\n\n\n<p><em>Riccardo Barletta<\/em><br><em>Dal catalogo della mostra Moderno &amp; Moderno alla Galleria del Milione<\/em><\/p>\n\n\n\n<figure class=\"wp-block-image size-full\"><img loading=\"lazy\" decoding=\"async\" width=\"976\" height=\"517\" src=\"https:\/\/www.saporiti.com\/acd\/wp-content\/uploads\/2023\/09\/03-MM-b-Schifano.jpg\" alt=\"\" class=\"wp-image-115\" srcset=\"https:\/\/www.saporiti.com\/acd\/wp-content\/uploads\/2023\/09\/03-MM-b-Schifano.jpg 976w, https:\/\/www.saporiti.com\/acd\/wp-content\/uploads\/2023\/09\/03-MM-b-Schifano-300x159.jpg 300w, https:\/\/www.saporiti.com\/acd\/wp-content\/uploads\/2023\/09\/03-MM-b-Schifano-768x407.jpg 768w\" sizes=\"auto, (max-width: 976px) 100vw, 976px\" \/><\/figure>\n\n\n\n<figure class=\"wp-block-image size-large\"><img loading=\"lazy\" decoding=\"async\" width=\"1024\" height=\"586\" src=\"https:\/\/www.saporiti.com\/acd\/wp-content\/uploads\/2023\/09\/Web-03-MM-IMG-2-1024x586.jpg\" alt=\"\" class=\"wp-image-336\" srcset=\"https:\/\/www.saporiti.com\/acd\/wp-content\/uploads\/2023\/09\/Web-03-MM-IMG-2-1024x586.jpg 1024w, https:\/\/www.saporiti.com\/acd\/wp-content\/uploads\/2023\/09\/Web-03-MM-IMG-2-300x172.jpg 300w, https:\/\/www.saporiti.com\/acd\/wp-content\/uploads\/2023\/09\/Web-03-MM-IMG-2-768x440.jpg 768w, https:\/\/www.saporiti.com\/acd\/wp-content\/uploads\/2023\/09\/Web-03-MM-IMG-2.jpg 1092w\" sizes=\"auto, (max-width: 1024px) 100vw, 1024px\" \/><\/figure>\n","protected":false},"excerpt":{"rendered":"<p>Nel Febbraio del 1983 la Saporiti Italia presenta alla Galleria del Milione di Milano una spettacolare ed estremamente innovativa raccolta di opere d\u2019arte e oggetti di design, curata da Salvati &amp; Tresoldi. La mostra affianca una trentina dei pi\u00f9 interessanti pezzi disegnati per Saporiti Italia fra il 1960 e il 1983 da designer quali Alberto [&hellip;]<\/p>\n","protected":false},"author":1,"featured_media":0,"parent":0,"menu_order":0,"comment_status":"closed","ping_status":"closed","template":"two_columns_left_small_more.php","meta":{"footnotes":""},"class_list":["post-29","page","type-page","status-publish","hentry"],"_links":{"self":[{"href":"https:\/\/www.saporiti.com\/acd\/wp-json\/wp\/v2\/pages\/29","targetHints":{"allow":["GET"]}}],"collection":[{"href":"https:\/\/www.saporiti.com\/acd\/wp-json\/wp\/v2\/pages"}],"about":[{"href":"https:\/\/www.saporiti.com\/acd\/wp-json\/wp\/v2\/types\/page"}],"author":[{"embeddable":true,"href":"https:\/\/www.saporiti.com\/acd\/wp-json\/wp\/v2\/users\/1"}],"replies":[{"embeddable":true,"href":"https:\/\/www.saporiti.com\/acd\/wp-json\/wp\/v2\/comments?post=29"}],"version-history":[{"count":7,"href":"https:\/\/www.saporiti.com\/acd\/wp-json\/wp\/v2\/pages\/29\/revisions"}],"predecessor-version":[{"id":338,"href":"https:\/\/www.saporiti.com\/acd\/wp-json\/wp\/v2\/pages\/29\/revisions\/338"}],"wp:attachment":[{"href":"https:\/\/www.saporiti.com\/acd\/wp-json\/wp\/v2\/media?parent=29"}],"curies":[{"name":"wp","href":"https:\/\/api.w.org\/{rel}","templated":true}]}}