{"id":55,"date":"2025-03-07T11:08:19","date_gmt":"2025-03-07T10:08:19","guid":{"rendered":"https:\/\/www.saporiti.com\/FAI\/?page_id=55"},"modified":"2025-03-07T11:08:19","modified_gmt":"2025-03-07T10:08:19","slug":"gli-anni-60","status":"publish","type":"page","link":"https:\/\/www.saporiti.com\/FAI\/gli-anni-60\/","title":{"rendered":"Gli Anni \u201960"},"content":{"rendered":"\n<h2 class=\"wp-block-heading\">Jumbo &amp; Moby Dick \/ 100+1 &#8211; Alberto Rosselli x Saporiti Italia<\/h2>\n\n\n\n<p>Fra la fine degli anni \u201950 e i primi \u201960, la Saporiti inizia un processo di crescita industriale e commerciale.<\/p>\n\n\n\n<p>Sergio Saporiti inizia a pubblicizzare i propri prodotti sulla prima rivista al mondo dedicata al disegno industriale, \u201cStile Industria\u201d, creata a Milano e diretta dall\u2019architetto Alberto Rosselli.<\/p>\n\n\n\n<p>Nel giugno del 1965 Sergio Saporiti si presenta, senza alcun appuntamento, alla segreteria del Politecnico di Milano chiedendo di incontrare Alberto Rosselli, docente del primo corso sul disegno industriale dell\u2019universit\u00e0. Rosselli lo riceve ed inizia cos\u00ec, in modo del tutto spontaneo, una collaborazione che nei dieci anni successivi trasformer\u00e0 per sempre la Saporiti Italia non soltanto per i diversi oggetti di grande successo disegnati da Rosselli per Saporiti, ma soprattutto per quella tensione alla ricerca ed alla modernit\u00e0 che lo stesso infuse indelebilmente nel Dna dell\u2019azienda. Le ricerche di Rosselli per Montecatini ed altri gruppi industriali sulle materie plastiche porteranno alla creazione di una delle collezioni pi\u00f9 innovative ed interessanti non solo per la Saporiti Italia, ma per l\u2019intera storia del design italiano: Jumbo e Moby Dick.<\/p>\n\n\n\n<figure class=\"wp-block-image size-large\"><img loading=\"lazy\" decoding=\"async\" width=\"1024\" height=\"718\" src=\"https:\/\/www.saporiti.com\/FAI\/wp-content\/uploads\/2025\/03\/Jumbo-Serie-Completa-1024x718.jpg\" alt=\"\" class=\"wp-image-56\" srcset=\"https:\/\/www.saporiti.com\/FAI\/wp-content\/uploads\/2025\/03\/Jumbo-Serie-Completa-1024x718.jpg 1024w, https:\/\/www.saporiti.com\/FAI\/wp-content\/uploads\/2025\/03\/Jumbo-Serie-Completa-300x210.jpg 300w, https:\/\/www.saporiti.com\/FAI\/wp-content\/uploads\/2025\/03\/Jumbo-Serie-Completa-768x538.jpg 768w, https:\/\/www.saporiti.com\/FAI\/wp-content\/uploads\/2025\/03\/Jumbo-Serie-Completa.jpg 1204w\" sizes=\"auto, (max-width: 1024px) 100vw, 1024px\" \/><\/figure>\n\n\n\n<p>Per celebrare e valorizzare il lavoro con Alberto Rosselli, a 101 anni dalla sua nascita, nell\u2019Ottobre 2022, la Saporiti Italia ha organizzato all\u2019ADI Design Museum di Milano la mostra 100+1 &#8211; Alberto Rosselli x Saporiti Italia. Una mostra sull\u2019intero percorso di ricerca di Alberto Rosselli con la Saporiti Italia, organizzata negli spazi dell\u2019Associazione per il Disegno Industriale, di cui Rosselli fu fra i fondatori e primo presidente. La mostra prendeva il nome anche dalla riproduzione di 100 poltroncine Jumbo, presentate in una grande e scenografica libreria in vetro, reinterpretate in cento differenti colori scelti da dieci importanti studi di architettura internazionali \u2013 Massimiliano &amp; Doriana Fuksas, Marti Guix\u00e9, Toshiyuki Kita, Mauro Lipparini, Park Associati, Portman Architects, SITE James Wines, StorageMilano, S20M, Carlos Zapata. Il centunesimo pezzo del titolo della mostra era una chaise longue Moby Dick.<\/p>\n\n\n\n<figure class=\"wp-block-image size-large\"><img loading=\"lazy\" decoding=\"async\" width=\"1024\" height=\"683\" src=\"https:\/\/www.saporiti.com\/FAI\/wp-content\/uploads\/2025\/03\/Saporiti-Italia-1001-ADI-2-1024x683.jpg\" alt=\"\" class=\"wp-image-57\" srcset=\"https:\/\/www.saporiti.com\/FAI\/wp-content\/uploads\/2025\/03\/Saporiti-Italia-1001-ADI-2-1024x683.jpg 1024w, https:\/\/www.saporiti.com\/FAI\/wp-content\/uploads\/2025\/03\/Saporiti-Italia-1001-ADI-2-300x200.jpg 300w, https:\/\/www.saporiti.com\/FAI\/wp-content\/uploads\/2025\/03\/Saporiti-Italia-1001-ADI-2-768x512.jpg 768w, https:\/\/www.saporiti.com\/FAI\/wp-content\/uploads\/2025\/03\/Saporiti-Italia-1001-ADI-2-1536x1024.jpg 1536w, https:\/\/www.saporiti.com\/FAI\/wp-content\/uploads\/2025\/03\/Saporiti-Italia-1001-ADI-2-2048x1366.jpg 2048w\" sizes=\"auto, (max-width: 1024px) 100vw, 1024px\" \/><\/figure>\n\n\n\n<!--more-->\n\n\n\n<figure class=\"wp-block-image size-large\"><img loading=\"lazy\" decoding=\"async\" width=\"1024\" height=\"682\" src=\"https:\/\/www.saporiti.com\/FAI\/wp-content\/uploads\/2025\/03\/Confidential-1-1024x682.jpg\" alt=\"\" class=\"wp-image-58\" srcset=\"https:\/\/www.saporiti.com\/FAI\/wp-content\/uploads\/2025\/03\/Confidential-1-1024x682.jpg 1024w, https:\/\/www.saporiti.com\/FAI\/wp-content\/uploads\/2025\/03\/Confidential-1-300x200.jpg 300w, https:\/\/www.saporiti.com\/FAI\/wp-content\/uploads\/2025\/03\/Confidential-1-768x512.jpg 768w, https:\/\/www.saporiti.com\/FAI\/wp-content\/uploads\/2025\/03\/Confidential-1-1536x1024.jpg 1536w, https:\/\/www.saporiti.com\/FAI\/wp-content\/uploads\/2025\/03\/Confidential-1-2048x1365.jpg 2048w\" sizes=\"auto, (max-width: 1024px) 100vw, 1024px\" \/><\/figure>\n\n\n\n<p>Jumbo, una piccola coloratissima poltroncina, realizzata in fibra di vetro stampata.<br>Moby Dick, una gigantesca chaise longue bianca, come a contrastare la piccola Jumbo. Oggetti cos\u00ec avanzati e moderni da essere utilizzati in famose serie TV e film di fantascienza degli anni \u201870, quali Spazio 1999 o 007 La spia che mi amava.<\/p>\n\n\n\n<figure class=\"wp-block-image size-large\"><img loading=\"lazy\" decoding=\"async\" width=\"1024\" height=\"683\" src=\"https:\/\/www.saporiti.com\/FAI\/wp-content\/uploads\/2025\/03\/Saporiti-Italia-1001-ADI-3-1024x683.jpg\" alt=\"\" class=\"wp-image-59\" srcset=\"https:\/\/www.saporiti.com\/FAI\/wp-content\/uploads\/2025\/03\/Saporiti-Italia-1001-ADI-3-1024x683.jpg 1024w, https:\/\/www.saporiti.com\/FAI\/wp-content\/uploads\/2025\/03\/Saporiti-Italia-1001-ADI-3-300x200.jpg 300w, https:\/\/www.saporiti.com\/FAI\/wp-content\/uploads\/2025\/03\/Saporiti-Italia-1001-ADI-3-768x512.jpg 768w, https:\/\/www.saporiti.com\/FAI\/wp-content\/uploads\/2025\/03\/Saporiti-Italia-1001-ADI-3-1536x1024.jpg 1536w, https:\/\/www.saporiti.com\/FAI\/wp-content\/uploads\/2025\/03\/Saporiti-Italia-1001-ADI-3-2048x1365.jpg 2048w\" sizes=\"auto, (max-width: 1024px) 100vw, 1024px\" \/><\/figure>\n\n\n\n<figure class=\"wp-block-image size-large\"><img loading=\"lazy\" decoding=\"async\" width=\"1024\" height=\"683\" src=\"https:\/\/www.saporiti.com\/FAI\/wp-content\/uploads\/2025\/03\/Saporiti-Italia-1001-ADI-5-1024x683.jpg\" alt=\"\" class=\"wp-image-60\" srcset=\"https:\/\/www.saporiti.com\/FAI\/wp-content\/uploads\/2025\/03\/Saporiti-Italia-1001-ADI-5-1024x683.jpg 1024w, https:\/\/www.saporiti.com\/FAI\/wp-content\/uploads\/2025\/03\/Saporiti-Italia-1001-ADI-5-300x200.jpg 300w, https:\/\/www.saporiti.com\/FAI\/wp-content\/uploads\/2025\/03\/Saporiti-Italia-1001-ADI-5-768x512.jpg 768w, https:\/\/www.saporiti.com\/FAI\/wp-content\/uploads\/2025\/03\/Saporiti-Italia-1001-ADI-5-1536x1024.jpg 1536w, https:\/\/www.saporiti.com\/FAI\/wp-content\/uploads\/2025\/03\/Saporiti-Italia-1001-ADI-5-2048x1366.jpg 2048w\" sizes=\"auto, (max-width: 1024px) 100vw, 1024px\" \/><\/figure>\n\n\n\n<p>I 101 oggetti originali esposti all\u2019ADI Design Museum sono stati battuti all\u2019asta da Cambi casa d\u2019Aste, in contemporanea con la mostra, con il ricavato destinato dalla Saporiti Italia al sostegno delle attivit\u00e0 del Centro Studi e Ricerche Sergio Saporiti nel mondo della cultura, del design, dell\u2019arte, della creativit\u00e0.<\/p>\n","protected":false},"excerpt":{"rendered":"<p>Jumbo &amp; Moby Dick \/ 100+1 &#8211; Alberto Rosselli x Saporiti Italia Fra la fine degli anni \u201950 e i primi \u201960, la Saporiti inizia un processo di crescita industriale e commerciale. Sergio Saporiti inizia a pubblicizzare i propri prodotti sulla prima rivista al mondo dedicata al disegno industriale, \u201cStile Industria\u201d, creata a Milano e [&hellip;]<\/p>\n","protected":false},"author":1,"featured_media":0,"parent":0,"menu_order":0,"comment_status":"closed","ping_status":"closed","template":"","meta":{"footnotes":""},"class_list":["post-55","page","type-page","status-publish","hentry"],"_links":{"self":[{"href":"https:\/\/www.saporiti.com\/FAI\/wp-json\/wp\/v2\/pages\/55","targetHints":{"allow":["GET"]}}],"collection":[{"href":"https:\/\/www.saporiti.com\/FAI\/wp-json\/wp\/v2\/pages"}],"about":[{"href":"https:\/\/www.saporiti.com\/FAI\/wp-json\/wp\/v2\/types\/page"}],"author":[{"embeddable":true,"href":"https:\/\/www.saporiti.com\/FAI\/wp-json\/wp\/v2\/users\/1"}],"replies":[{"embeddable":true,"href":"https:\/\/www.saporiti.com\/FAI\/wp-json\/wp\/v2\/comments?post=55"}],"version-history":[{"count":1,"href":"https:\/\/www.saporiti.com\/FAI\/wp-json\/wp\/v2\/pages\/55\/revisions"}],"predecessor-version":[{"id":61,"href":"https:\/\/www.saporiti.com\/FAI\/wp-json\/wp\/v2\/pages\/55\/revisions\/61"}],"wp:attachment":[{"href":"https:\/\/www.saporiti.com\/FAI\/wp-json\/wp\/v2\/media?parent=55"}],"curies":[{"name":"wp","href":"https:\/\/api.w.org\/{rel}","templated":true}]}}